{"id":2897,"date":"2016-12-09T22:59:55","date_gmt":"2016-12-09T21:59:55","guid":{"rendered":"http:\/\/www.qantumthemes.xyz\/onair2\/wpdemo\/?page_id=2897"},"modified":"2023-11-21T09:11:24","modified_gmt":"2023-11-21T08:11:24","slug":"onair2-home-new","status":"publish","type":"page","link":"https:\/\/www.playloud.fr\/","title":{"rendered":"Accueil"},"content":{"rendered":"\t\t<div data-elementor-type=\"wp-page\" data-elementor-id=\"2897\" class=\"elementor elementor-2897\">\n\t\t\t\t\t\t<div class=\"elementor-inner\">\n\t\t\t\t<div class=\"elementor-section-wrap\">\n\t\t\t\t\t\t\t\t\t<section class=\"elementor-section elementor-top-section elementor-element elementor-element-9e39c95 elementor-section-boxed elementor-section-height-default elementor-section-height-default\" data-id=\"9e39c95\" data-element_type=\"section\">\n\t\t\t\t\t\t<div class=\"elementor-container elementor-column-gap-default\">\n\t\t\t\t\t\t\t<div class=\"elementor-row\">\n\t\t\t\t\t<div class=\"elementor-column elementor-col-100 elementor-top-column elementor-element elementor-element-6f96836\" data-id=\"6f96836\" data-element_type=\"column\">\n\t\t\t<div class=\"elementor-column-wrap elementor-element-populated\">\n\t\t\t\t\t\t\t<div class=\"elementor-widget-wrap\">\n\t\t\t\t\t\t<div class=\"elementor-element elementor-element-f020c92 elementor-widget elementor-widget-onair-elementor-qt-caption\" data-id=\"f020c92\" data-element_type=\"widget\" data-widget_type=\"onair-elementor-qt-caption.default\">\n\t\t\t\t<div class=\"elementor-widget-container\">\n\t\t\t\t\t\t<h3 class=\"onair-caption qt-caption-med qt-capfont \"><span>\u00c9COUTEZ PLAYLOUD EN DAB+ \u00c0 LILLE, DUNKERQUE &amp; SAINT OMER<\/span><\/h3>\n\t\t\t\t\t<\/div>\n\t\t\t\t<\/div>\n\t\t\t\t<div class=\"elementor-element elementor-element-9a6e5f5 elementor-widget elementor-widget-onair-elementor-qt-caption\" data-id=\"9a6e5f5\" data-element_type=\"widget\" data-widget_type=\"onair-elementor-qt-caption.default\">\n\t\t\t\t<div class=\"elementor-widget-container\">\n\t\t\t\t\t\t<h3 class=\"onair-caption qt-caption-med qt-capfont \"><span>ET EN CARPLAY OU SUR SMARTPHONE VIA L&#039;APPLICATION GRATUITE RADIOPLAYER<\/span><\/h3>\n\t\t\t\t\t<\/div>\n\t\t\t\t<\/div>\n\t\t\t\t<div class=\"elementor-element elementor-element-2a9144c elementor-widget__width-inherit elementor-widget elementor-widget-onair-elementor-onair\" data-id=\"2a9144c\" data-element_type=\"widget\" data-widget_type=\"onair-elementor-onair.default\">\n\t\t\t\t<div class=\"elementor-widget-container\">\n\t\t\t\t\t\t\t\t\t<!-- ON AIR SHOW ========================= -->\n\t\t\t\t\t\t<div class=\"qt-slick-opacity-fx qt-item qt-content-primary qtautoupdate-element qt-qtonairhero\">\n\t\t\t\t\t\t\t<div class=\"qt-part-archive-item qt-part-schedule-onair-large qt-negative\">\n\t\t\t\t\t\t\t\t<div class=\"qt-item-header\">\n\t\t\t\t\t\t\t\t\t<div class=\"qt-header-mid qt-vc\">\n\t\t\t\t\t\t\t\t\t\t<div class=\"qt-vi\">\n\t\t\t\t\t\t\t\t\t\t\t<h5 class=\"qt-caption-med qt-capfont hide-on-small-and-down\">\n\t\t\t\t\t\t\t\t\t\t\t\t\t\t\t\t\t\t\t\t\t\t\t\t<span>\n\t\t\t\t\t\t\t\t\t\t\t\t\tMaintenant \u00e0 l&#039;antenne\t\t\t\t\t\t\t\t\t\t\t\t<\/span>\n\t\t\t\t\t\t\t\t\t\t\t\t\t\t\t\t\t\t\t\t\t\t\t<\/h5>\n\t\t\t\t\t\t\t\t\t\t\t<hr class=\"qt-spacer-s\">\n\t\t\t\t\t\t\t\t\t\t\t<h1 class=\"qt-title qt-capfont\">\n\t\t\t\t\t\t\t\t\t\t\t\t<a href=\"\" class=\"qt-text-shadow\"><\/a>\n\t\t\t\t\t\t\t\t\t\t\t<\/h1>\n\t\t\t\t\t\t\t\t\t\t\t<h4 class=\"qt-capfont\">\n\t\t\t\t\t\t\t\t\t\t\t\t\t\t\t\t\t\t\t\t\t\t\t<\/h4>\n\t\t\t\t\t\t\t\t\t\t\t<h4>\n\t\t\t\t\t\t\t\t\t\t\t\t\t\t\t\t\t\t\t\t\t\t\t<\/h4>\n\t\t\t\t\t\t\t\t\t\t\t<p class=\"qt-small\">\n\t\t\t\t\t\t\t\t\t\t\t\t12:00 <i class=\"dripicons-arrow-thin-right\"><\/i> 16:00\t\t\t\t\t\t\t\t\t\t\t<\/p>\n\t\t\t\t\t\t\t\t\t\t\t<hr class=\"qt-spacer-s hide-on-med-and-down\">\n\t\t\t\t\t\t\t\t\t\t\t<p class=\"hide-on-med-and-down\"><a href=\"\" class=\"qt-btn qt-btn-l qt-btn-primary \" tabindex=\"0\"><i class=\"dripicons-media-play\"><\/i><\/a><\/p>\n\t\t\t\t\t\t\t\t\t\t<\/div>\n\t\t\t\t\t\t\t\t\t<\/div>\n\t\t\t\t\t\t\t\t\t\t\t\t\t\t\t\t\t<\/div>\n\t\t\t\t\t\t\t<\/div>\n\t\t\t\t\t\t<\/div>\n\t\t\t\t\t\t<!-- ON AIR SHOW END ========================= -->\n\t\t\t\t\t\t\t\t<\/div>\n\t\t\t\t<\/div>\n\t\t\t\t\t\t<\/div>\n\t\t\t\t\t<\/div>\n\t\t<\/div>\n\t\t\t\t\t\t\t\t<\/div>\n\t\t\t\t\t<\/div>\n\t\t<\/section>\n\t\t\t\t<section class=\"elementor-section elementor-top-section elementor-element elementor-element-a4897dd elementor-section-boxed elementor-section-height-default elementor-section-height-default\" data-id=\"a4897dd\" data-element_type=\"section\">\n\t\t\t\t\t\t<div class=\"elementor-container elementor-column-gap-default\">\n\t\t\t\t\t\t\t<div class=\"elementor-row\">\n\t\t\t\t\t<div class=\"elementor-column elementor-col-100 elementor-top-column elementor-element elementor-element-d5af8d6\" data-id=\"d5af8d6\" data-element_type=\"column\">\n\t\t\t<div class=\"elementor-column-wrap elementor-element-populated\">\n\t\t\t\t\t\t\t<div class=\"elementor-widget-wrap\">\n\t\t\t\t\t\t<div class=\"elementor-element elementor-element-830164f elementor-widget elementor-widget-onair-elementor-qt-caption\" data-id=\"830164f\" data-element_type=\"widget\" data-widget_type=\"onair-elementor-qt-caption.default\">\n\t\t\t\t<div class=\"elementor-widget-container\">\n\t\t\t\t\t\t<h3 class=\"onair-caption qt-caption-med qt-capfont \"><span>\u00e0 suivre<\/span><\/h3>\n\t\t\t\t\t<\/div>\n\t\t\t\t<\/div>\n\t\t\t\t<div class=\"elementor-element elementor-element-2dc55f7 elementor-widget elementor-widget-onair-elementor-upcoming-shows-carousel\" data-id=\"2dc55f7\" data-element_type=\"widget\" data-widget_type=\"onair-elementor-upcoming-shows-carousel.default\">\n\t\t\t\t<div class=\"elementor-widget-container\">\n\t\t\t\t\t\t\t<div id=\"qtupcomingshowscarousel\" class=\"qt-slickslider-container qt-slickslider-externalarrows qt-slickslider-carousel\">\n\t\t\t\t\t<div class=\"row\">\n\t\t\t\t\t\t<div class=\"qt-slickslider qt-invisible qt-animated qt-slickslider-multiple qt-slickslider-podcast\" \n\t\t\t\t\t\t\tdata-autoplay=\"false\" \n\t\t\t\t\t\t\tdata-arrowsmobile=\"false\" \n\t\t\t\t\t\t\tdata-centermodemobile=\"true\" \n\t\t\t\t\t\t\tdata-dotsmobile=\"false\" \n\t\t\t\t\t\t\tdata-variablewidthmobile=\"true\"\n\t\t\t\t\t\t\tdata-infinitemobile=\"false\"\n\t\t\t\t\t\t\tdata-slidestoshow=\"3\" \n\t\t\t\t\t\t\tdata-slidestoshowipad=\"2\" \n\t\t\t\t\t\t\tdata-slidestoshowmobile=\"1\" \n\t\t\t\t\t\t\tdata-variablewidth=\"false\" \n\t\t\t\t\t\t\tdata-arrows=\"true\" \n\t\t\t\t\t\t\tdata-dots=\"\" \n\t\t\t\t\t\t\tdata-infinite=\"true\" \n\t\t\t\t\t\t\tdata-centermode=\"true\" \n\t\t\t\t\t\t\tdata-pauseonhover=\"\">\n\t\t\t\t\t\t\t\t\t\t\t\t\t\t\t<div class=\"qt-item\">\n\t\t\t\t\t\t\t\t\t\t<!-- SHOW UPCOMING ITEM ========================= -->\n\t\t\t\t\t\t\t\t\t\t<div class=\"qt-part-archive-item qt-part-archive-item-show qt-content-primary-dark\">\n\t\t\t\t\t\t\t\t\t\t\t<div class=\"qt-item-header\">\n\t\t\t\t\t\t\t\t\t\t\t\t<div class=\"qt-header-top\">\n\t\t\t\t\t\t\t\t\t\t\t\t\t<ul class=\"qt-tags\">\n\t\t\t\t\t\t\t\t\t\t\t\t\t\t<li>\n\t\t\t\t\t\t\t\t\t\t\t\t\t\t\t\t\t\t\t\t\t\t\t\t\t\t\t\t\t<\/li>\n\t\t\t\t\t\t\t\t\t\t\t\t\t<\/ul>\n\t\t\t\t\t\t\t\t\t\t\t    <\/div>\n\t\t\t\t\t\t\t\t\t\t\t\t<div class=\"qt-header-mid qt-vc\">\n\t\t\t\t\t\t\t\t\t\t\t\t\t<div class=\"qt-vi\">\n\t\t\t\t\t\t\t\t\t\t\t\t  \t\t<h5 class=\"qt-time\">MERCREDI 12:00<\/h5>\n\t\t\t\t\t\t\t\t\t\t\t\t  \t\t<h3 class=\"qt-ellipsis qt-t qt-title qt-capfont\">\n\t\t\t\t\t\t\t\t\t\t\t\t\t\t\t<a href=\"\" class=\"qt-text-shadow\"><\/a>\n\t\t\t\t\t\t\t\t\t\t\t\t\t\t<\/h3>\n\t\t\t\t\t\t\t\t\t\t\t\t\t\t<p class=\"qt-small qt-ellipsis\"><\/p>\n\t\t\t\t\t\t\t\t\t\t\t\t\t<\/div>\n\t\t\t\t\t\t\t\t\t\t\t\t<\/div>\n\t\t\t\t\t\t\t\t\t\t\t\t<div class=\"qt-header-bottom\">\n\t\t\t\t\t\t\t\t\t\t\t\t\t<a href=\"\" class=\"qt-btn qt-btn-primary qt-readmore\"><i class=\"dripicons-align-justify\"><\/i><\/a>\n\t\t\t\t\t\t\t\t\t\t\t\t<\/div>\n\t\t\t\t\t\t\t\t\t\t\t\t\t\t\t\t\t\t\t\t\t\t\t<\/div>\n\t\t\t\t\t\t\t\t\t\t<\/div>\n\t\t\t\t\t\t\t\t\t\t<!-- SHOW UPCOMING ITEM END ========================= -->\n\t\t\t\t\t\t\t\t\t<\/div>\n\t\t\t\t\t\t\t\t\t\t\t\t\t\t\t\t\t\t<div class=\"qt-item\">\n\t\t\t\t\t\t\t\t\t\t<!-- SHOW UPCOMING ITEM ========================= -->\n\t\t\t\t\t\t\t\t\t\t<div class=\"qt-part-archive-item qt-part-archive-item-show qt-content-primary-dark\">\n\t\t\t\t\t\t\t\t\t\t\t<div class=\"qt-item-header\">\n\t\t\t\t\t\t\t\t\t\t\t\t<div class=\"qt-header-top\">\n\t\t\t\t\t\t\t\t\t\t\t\t\t<ul class=\"qt-tags\">\n\t\t\t\t\t\t\t\t\t\t\t\t\t\t<li>\n\t\t\t\t\t\t\t\t\t\t\t\t\t\t\t\t\t\t\t\t\t\t\t\t\t\t\t\t\t<\/li>\n\t\t\t\t\t\t\t\t\t\t\t\t\t<\/ul>\n\t\t\t\t\t\t\t\t\t\t\t    <\/div>\n\t\t\t\t\t\t\t\t\t\t\t\t<div class=\"qt-header-mid qt-vc\">\n\t\t\t\t\t\t\t\t\t\t\t\t\t<div class=\"qt-vi\">\n\t\t\t\t\t\t\t\t\t\t\t\t  \t\t<h5 class=\"qt-time\">MERCREDI 16:00<\/h5>\n\t\t\t\t\t\t\t\t\t\t\t\t  \t\t<h3 class=\"qt-ellipsis qt-t qt-title qt-capfont\">\n\t\t\t\t\t\t\t\t\t\t\t\t\t\t\t<a href=\"https:\/\/www.playloud.fr\/index.php\/shows\/drive-list\/\" class=\"qt-text-shadow\">La Drive List<\/a>\n\t\t\t\t\t\t\t\t\t\t\t\t\t\t<\/h3>\n\t\t\t\t\t\t\t\t\t\t\t\t\t\t<p class=\"qt-small qt-ellipsis\"><\/p>\n\t\t\t\t\t\t\t\t\t\t\t\t\t<\/div>\n\t\t\t\t\t\t\t\t\t\t\t\t<\/div>\n\t\t\t\t\t\t\t\t\t\t\t\t<div class=\"qt-header-bottom\">\n\t\t\t\t\t\t\t\t\t\t\t\t\t<a href=\"https:\/\/www.playloud.fr\/index.php\/shows\/drive-list\/\" class=\"qt-btn qt-btn-primary qt-readmore\"><i class=\"dripicons-align-justify\"><\/i><\/a>\n\t\t\t\t\t\t\t\t\t\t\t\t<\/div>\n\t\t\t\t\t\t\t\t\t\t\t\t\t\t\t\t\t\t\t\t\t\t\t        <div class=\"qt-header-bg\" data-bgimage=\"https:\/\/www.playloud.fr\/wp-content\/uploads\/2019\/09\/thomasok.jpg\">\n\t\t\t\t\t\t\t\t\t\t\t        <\/div>\n\t\t\t\t\t\t\t\t\t\t     \t\t\t\t\t\t\t\t\t\t\t\t<\/div>\n\t\t\t\t\t\t\t\t\t\t<\/div>\n\t\t\t\t\t\t\t\t\t\t<!-- SHOW UPCOMING ITEM END ========================= -->\n\t\t\t\t\t\t\t\t\t<\/div>\n\t\t\t\t\t\t\t\t\t\t\t\t\t\t\t\t\t\t<div class=\"qt-item\">\n\t\t\t\t\t\t\t\t\t\t<!-- SHOW UPCOMING ITEM ========================= -->\n\t\t\t\t\t\t\t\t\t\t<div class=\"qt-part-archive-item qt-part-archive-item-show qt-content-primary-dark\">\n\t\t\t\t\t\t\t\t\t\t\t<div class=\"qt-item-header\">\n\t\t\t\t\t\t\t\t\t\t\t\t<div class=\"qt-header-top\">\n\t\t\t\t\t\t\t\t\t\t\t\t\t<ul class=\"qt-tags\">\n\t\t\t\t\t\t\t\t\t\t\t\t\t\t<li>\n\t\t\t\t\t\t\t\t\t\t\t\t\t\t\t\t\t\t\t\t\t\t\t\t\t\t\t\t\t<\/li>\n\t\t\t\t\t\t\t\t\t\t\t\t\t<\/ul>\n\t\t\t\t\t\t\t\t\t\t\t    <\/div>\n\t\t\t\t\t\t\t\t\t\t\t\t<div class=\"qt-header-mid qt-vc\">\n\t\t\t\t\t\t\t\t\t\t\t\t\t<div class=\"qt-vi\">\n\t\t\t\t\t\t\t\t\t\t\t\t  \t\t<h5 class=\"qt-time\">MERCREDI 20:00<\/h5>\n\t\t\t\t\t\t\t\t\t\t\t\t  \t\t<h3 class=\"qt-ellipsis qt-t qt-title qt-capfont\">\n\t\t\t\t\t\t\t\t\t\t\t\t\t\t\t<a href=\"https:\/\/www.playloud.fr\/index.php\/shows\/non-stop-evening\/\" class=\"qt-text-shadow\">NON-STOP EVENING<\/a>\n\t\t\t\t\t\t\t\t\t\t\t\t\t\t<\/h3>\n\t\t\t\t\t\t\t\t\t\t\t\t\t\t<p class=\"qt-small qt-ellipsis\"><\/p>\n\t\t\t\t\t\t\t\t\t\t\t\t\t<\/div>\n\t\t\t\t\t\t\t\t\t\t\t\t<\/div>\n\t\t\t\t\t\t\t\t\t\t\t\t<div class=\"qt-header-bottom\">\n\t\t\t\t\t\t\t\t\t\t\t\t\t<a href=\"https:\/\/www.playloud.fr\/index.php\/shows\/non-stop-evening\/\" class=\"qt-btn qt-btn-primary qt-readmore\"><i class=\"dripicons-align-justify\"><\/i><\/a>\n\t\t\t\t\t\t\t\t\t\t\t\t<\/div>\n\t\t\t\t\t\t\t\t\t\t\t\t\t\t\t\t\t\t\t\t\t\t\t        <div class=\"qt-header-bg\" data-bgimage=\"https:\/\/www.playloud.fr\/wp-content\/uploads\/2019\/10\/evening.jpg\">\n\t\t\t\t\t\t\t\t\t\t\t        <\/div>\n\t\t\t\t\t\t\t\t\t\t     \t\t\t\t\t\t\t\t\t\t\t\t<\/div>\n\t\t\t\t\t\t\t\t\t\t<\/div>\n\t\t\t\t\t\t\t\t\t\t<!-- SHOW UPCOMING ITEM END ========================= -->\n\t\t\t\t\t\t\t\t\t<\/div>\n\t\t\t\t\t\t\t\t\t\t\t\t\t\t<\/div>\n\t\t\t\t<\/div>\n\t\t\t<\/div>\n\t\t\t\t\t<\/div>\n\t\t\t\t<\/div>\n\t\t\t\t<div class=\"elementor-element elementor-element-ba6c643 elementor-widget elementor-widget-spacer\" data-id=\"ba6c643\" data-element_type=\"widget\" data-widget_type=\"spacer.default\">\n\t\t\t\t<div class=\"elementor-widget-container\">\n\t\t\t\t\t<div class=\"elementor-spacer\">\n\t\t\t<div class=\"elementor-spacer-inner\"><\/div>\n\t\t<\/div>\n\t\t\t\t<\/div>\n\t\t\t\t<\/div>\n\t\t\t\t\t\t<\/div>\n\t\t\t\t\t<\/div>\n\t\t<\/div>\n\t\t\t\t\t\t\t\t<\/div>\n\t\t\t\t\t<\/div>\n\t\t<\/section>\n\t\t\t\t\t\t\t\t\t<\/div>\n\t\t\t<\/div>\n\t\t\t\t\t<\/div>\n\t\t","protected":false},"excerpt":{"rendered":"<p>\u00c9COUTEZ PLAYLOUD EN DAB+ \u00c0 LILLE, DUNKERQUE &amp; SAINT OMER ET EN CARPLAY OU SUR SMARTPHONE VIA L&#039;APPLICATION GRATUITE RADIOPLAYER Maintenant \u00e0 l&#039;antenne La T\u00eate dans le Cue (la suite) 09:00 12:00 \u00e0 suivre MARDI 09:00 La T\u00eate dans le Cue (la suite) MARDI 12:00 LE NON-STOP avec Julie MARDI 16:00 La Drive List MARDI [&hellip;]<\/p>\n","protected":false},"author":2,"featured_media":4283,"parent":0,"menu_order":-99,"comment_status":"closed","ping_status":"closed","template":"","meta":{"_mi_skip_tracking":false,"_exactmetrics_sitenote_active":false,"_exactmetrics_sitenote_note":"","_exactmetrics_sitenote_category":0,"footnotes":""},"yoast_head":"<!-- This site is optimized with the Yoast SEO plugin v21.3 - https:\/\/yoast.com\/wordpress\/plugins\/seo\/ -->\n<title>Accueil - Playloud Radio<\/title>\n<meta name=\"robots\" content=\"index, follow, max-snippet:-1, max-image-preview:large, max-video-preview:-1\" \/>\n<link rel=\"canonical\" href=\"https:\/\/www.playloud.fr\/\" \/>\n<meta property=\"og:locale\" content=\"fr_FR\" \/>\n<meta property=\"og:type\" content=\"article\" \/>\n<meta property=\"og:title\" content=\"Playloud\" \/>\n<meta property=\"og:description\" content=\"Bienvenue sur le site de Playloud ! The Future of Music !\" \/>\n<meta property=\"og:url\" content=\"https:\/\/www.playloud.fr\/\" \/>\n<meta property=\"og:site_name\" content=\"Playloud Radio\" \/>\n<meta property=\"article:modified_time\" content=\"2023-11-21T08:11:24+00:00\" \/>\n<meta property=\"og:image\" content=\"https:\/\/www.playloud.fr\/wp-content\/uploads\/2019\/09\/logopldpld.jpg\" \/>\n\t<meta property=\"og:image:width\" content=\"1200\" \/>\n\t<meta property=\"og:image:height\" content=\"600\" \/>\n\t<meta property=\"og:image:type\" content=\"image\/jpeg\" \/>\n<meta name=\"twitter:card\" content=\"summary_large_image\" \/>\n<meta name=\"twitter:label1\" content=\"Dur\u00e9e de lecture estim\u00e9e\" \/>\n\t<meta name=\"twitter:data1\" content=\"1 minute\" \/>\n<script type=\"application\/ld+json\" class=\"yoast-schema-graph\">{\"@context\":\"https:\/\/schema.org\",\"@graph\":[{\"@type\":\"WebPage\",\"@id\":\"https:\/\/www.playloud.fr\/\",\"url\":\"https:\/\/www.playloud.fr\/\",\"name\":\"Accueil - Playloud Radio\",\"isPartOf\":{\"@id\":\"https:\/\/www.playloud.fr\/#website\"},\"datePublished\":\"2016-12-09T21:59:55+00:00\",\"dateModified\":\"2023-11-21T08:11:24+00:00\",\"breadcrumb\":{\"@id\":\"https:\/\/www.playloud.fr\/#breadcrumb\"},\"inLanguage\":\"fr-FR\",\"potentialAction\":[{\"@type\":\"ReadAction\",\"target\":[\"https:\/\/www.playloud.fr\/\"]}]},{\"@type\":\"BreadcrumbList\",\"@id\":\"https:\/\/www.playloud.fr\/#breadcrumb\",\"itemListElement\":[{\"@type\":\"ListItem\",\"position\":1,\"name\":\"Accueil\",\"item\":\"https:\/\/www.playloud.fr\/\"},{\"@type\":\"ListItem\",\"position\":2,\"name\":\"Accueil\"}]},{\"@type\":\"WebSite\",\"@id\":\"https:\/\/www.playloud.fr\/#website\",\"url\":\"https:\/\/www.playloud.fr\/\",\"name\":\"Playloud Radio\",\"description\":\"The Future Of Music\",\"publisher\":{\"@id\":\"https:\/\/www.playloud.fr\/#organization\"},\"potentialAction\":[{\"@type\":\"SearchAction\",\"target\":{\"@type\":\"EntryPoint\",\"urlTemplate\":\"https:\/\/www.playloud.fr\/?s={search_term_string}\"},\"query-input\":\"required name=search_term_string\"}],\"inLanguage\":\"fr-FR\"},{\"@type\":\"Organization\",\"@id\":\"https:\/\/www.playloud.fr\/#organization\",\"name\":\"Playloud Radio\",\"url\":\"https:\/\/www.playloud.fr\/\",\"logo\":{\"@type\":\"ImageObject\",\"inLanguage\":\"fr-FR\",\"@id\":\"https:\/\/www.playloud.fr\/#\/schema\/logo\/image\/\",\"url\":\"https:\/\/www.playloud.fr\/wp-content\/uploads\/2023\/10\/playlouddab-copie.png\",\"contentUrl\":\"https:\/\/www.playloud.fr\/wp-content\/uploads\/2023\/10\/playlouddab-copie.png\",\"width\":1714,\"height\":1012,\"caption\":\"Playloud Radio\"},\"image\":{\"@id\":\"https:\/\/www.playloud.fr\/#\/schema\/logo\/image\/\"}}]}<\/script>\n<!-- \/ Yoast SEO plugin. -->","yoast_head_json":{"title":"Accueil - Playloud Radio","robots":{"index":"index","follow":"follow","max-snippet":"max-snippet:-1","max-image-preview":"max-image-preview:large","max-video-preview":"max-video-preview:-1"},"canonical":"https:\/\/www.playloud.fr\/","og_locale":"fr_FR","og_type":"article","og_title":"Playloud","og_description":"Bienvenue sur le site de Playloud ! The Future of Music !","og_url":"https:\/\/www.playloud.fr\/","og_site_name":"Playloud Radio","article_modified_time":"2023-11-21T08:11:24+00:00","og_image":[{"width":1200,"height":600,"url":"https:\/\/www.playloud.fr\/wp-content\/uploads\/2019\/09\/logopldpld.jpg","type":"image\/jpeg"}],"twitter_card":"summary_large_image","twitter_misc":{"Dur\u00e9e de lecture estim\u00e9e":"1 minute"},"schema":{"@context":"https:\/\/schema.org","@graph":[{"@type":"WebPage","@id":"https:\/\/www.playloud.fr\/","url":"https:\/\/www.playloud.fr\/","name":"Accueil - Playloud Radio","isPartOf":{"@id":"https:\/\/www.playloud.fr\/#website"},"datePublished":"2016-12-09T21:59:55+00:00","dateModified":"2023-11-21T08:11:24+00:00","breadcrumb":{"@id":"https:\/\/www.playloud.fr\/#breadcrumb"},"inLanguage":"fr-FR","potentialAction":[{"@type":"ReadAction","target":["https:\/\/www.playloud.fr\/"]}]},{"@type":"BreadcrumbList","@id":"https:\/\/www.playloud.fr\/#breadcrumb","itemListElement":[{"@type":"ListItem","position":1,"name":"Accueil","item":"https:\/\/www.playloud.fr\/"},{"@type":"ListItem","position":2,"name":"Accueil"}]},{"@type":"WebSite","@id":"https:\/\/www.playloud.fr\/#website","url":"https:\/\/www.playloud.fr\/","name":"Playloud Radio","description":"The Future Of Music","publisher":{"@id":"https:\/\/www.playloud.fr\/#organization"},"potentialAction":[{"@type":"SearchAction","target":{"@type":"EntryPoint","urlTemplate":"https:\/\/www.playloud.fr\/?s={search_term_string}"},"query-input":"required name=search_term_string"}],"inLanguage":"fr-FR"},{"@type":"Organization","@id":"https:\/\/www.playloud.fr\/#organization","name":"Playloud Radio","url":"https:\/\/www.playloud.fr\/","logo":{"@type":"ImageObject","inLanguage":"fr-FR","@id":"https:\/\/www.playloud.fr\/#\/schema\/logo\/image\/","url":"https:\/\/www.playloud.fr\/wp-content\/uploads\/2023\/10\/playlouddab-copie.png","contentUrl":"https:\/\/www.playloud.fr\/wp-content\/uploads\/2023\/10\/playlouddab-copie.png","width":1714,"height":1012,"caption":"Playloud Radio"},"image":{"@id":"https:\/\/www.playloud.fr\/#\/schema\/logo\/image\/"}}]}},"_links":{"self":[{"href":"https:\/\/www.playloud.fr\/index.php\/wp-json\/wp\/v2\/pages\/2897"}],"collection":[{"href":"https:\/\/www.playloud.fr\/index.php\/wp-json\/wp\/v2\/pages"}],"about":[{"href":"https:\/\/www.playloud.fr\/index.php\/wp-json\/wp\/v2\/types\/page"}],"author":[{"embeddable":true,"href":"https:\/\/www.playloud.fr\/index.php\/wp-json\/wp\/v2\/users\/2"}],"replies":[{"embeddable":true,"href":"https:\/\/www.playloud.fr\/index.php\/wp-json\/wp\/v2\/comments?post=2897"}],"version-history":[{"count":61,"href":"https:\/\/www.playloud.fr\/index.php\/wp-json\/wp\/v2\/pages\/2897\/revisions"}],"predecessor-version":[{"id":5929,"href":"https:\/\/www.playloud.fr\/index.php\/wp-json\/wp\/v2\/pages\/2897\/revisions\/5929"}],"wp:featuredmedia":[{"embeddable":true,"href":"https:\/\/www.playloud.fr\/index.php\/wp-json\/wp\/v2\/media\/4283"}],"wp:attachment":[{"href":"https:\/\/www.playloud.fr\/index.php\/wp-json\/wp\/v2\/media?parent=2897"}],"curies":[{"name":"wp","href":"https:\/\/api.w.org\/{rel}","templated":true}]}}